 0 = -2*o + 2*f + 48 + 112. Suppose 3*b + o = -5*z - 0*z, -80 = 5*z + 4*b. What is the units digit of q(z)?
2
Suppose -2*w + 192 + 504 = 0. Suppose 2*h + 2*h = w. What is the units digit of h?
7
Let m(b) = -b**2 + 6*b - 5. Let u be m(5). Suppose -403 = -u*p - 4*p - 3*r, 2*p - r - 189 = 0. What is the tens digit of p?
9
Let o(n) = 31*n + 817. What is the hundreds digit of o(0)?
8
Let y(m) = -m**2 - 7*m + 4. Let l = -22 - -15. Let h be y(l). Suppose -3*o - 3*s + 27 = 0, 10 = h*o - s - 16. What is the units digit of o?
7
Suppose -4*x - 24 = 2*i, 12 = -2*x - i + 2*i. Let n = 172 - x. Suppose -3*k = 4*c - n, c = -4*c + k + 213. What is the units digit of c?
3
Let z(u) = 6*u - 1. Let f be z(1). Suppose f*q - 2*h - 75 = 0, -5*q - 4*h = -0*h - 75. What is the tens digit of q?
1
Suppose 3*o - 10 = -5*p, -4*o + 5*p + 6 = 16. Suppose o = 3*s + 10*s - 2171. What is the tens digit of s?
6
Suppose 0 = 3*t - 12 + 3. Suppose t*p - 3*j - 174 = 0, -p = -2*p - 2*j + 61. What is the tens digit of p?
5
Let s(w) be the third derivative of 0*w - 2*w**2 - 5/24*w**4 - 5/6*w**3 + 1/120*w**6 + 0 - 2/15*w**5. What is the units digit of s(9)?
1
What is the tens digit of ((5262/5)/(-1))/((-116)/290)?
3
Suppose 5*u - 17713 = -b, -14*b = 4*u - 18*b - 14156. What is the units digit of u?
2
Suppose -4*h = 2*f - 14, 1 = 3*h - 3*f - 5. Suppose 6 = 4*o - 3*l, -2*o - 3*o + 5*l + 10 = 0. What is the tens digit of o - h - (-2 - 21)?
2
Suppose 0 = -2*k - 7 - 7. Let d = -17 - k. What is the tens digit of (-258)/d + (-12)/(-60)?
2
Let z be -2 + 1 + 0 - -1. Suppose 10*d + 3*d - 897 = z. What is the tens digit of d?
6
Let w = -1183 + 1760. What is the units digit of w?
7
Let r(v) be the third derivative of 1/6*v**3 + 1/10*v**5 + 0 - 1/8*v**4 - 9*v**2 + 0*v. What is the units digit of r(3)?
6
Let c = -1641 + 3554. What is the thousands digit of c?
1
Let p = -138 - -191. What is the units digit of p?
3
Let f(q) = -2*q + 15. Let x be f(7). Let k be ((-315)/(-10))/(x/(-2)). What is the units digit of (0 - -1) + k/(-7)?
0
Let h be -18*(2 - (-21)/(-9)). Let r be (-1 - 23)/((-2)/h). Suppose 0*a = -2*a + r. What is the units digit of a?
6
Suppose 2213*i - 41643 = 2204*i. What is the hundreds digit of i?
6
Let c = 39 - 22. Suppose -2*b - c + 77 = 0. Let f = b + -14. What is the tens digit of f?
1
Let v(m) = -10*m - 100. What is the hundreds digit of v(-36)?
2
Let g(d) = 2*d + 17. Suppose -w = 5*x - 28, -w + 3*x - 15 = -3. Let o be 66/6 + (w - 1). What is the units digit of g(o)?
3
Suppose -5*m = -5*t - 8515, 138*m - 5*t = 136*m + 3415. What is the hundreds digit of m?
7
Let p(b) = b**3 + 15*b**2 + 9*b + 10. Let w = 20 - 34. What is the units digit of p(w)?
0
Suppose 570 = 18*n - 168. Let y(p) = 3*p**2 + 4*p + 3. Let c be y(-2). Suppose -3*v + n = -c. What is the units digit of v?
6
Let h = 603 - 264. What is the units digit of h?
9
Let f(w) = 2 - 4*w**3 + w**2 - 9*w**3 - 3*w + 5*w**3. What is the tens digit of f(-2)?
7
Let f = -44 + 52. Suppose z - 774 = -f*z. What is the tens digit of z?
8
Let i = -3 - 1. Suppose 5*c - 3*c + 84 = 0. What is the units digit of (c/(-12))/((-2)/i)?
7
Let o(q) = 11*q**2 + q - 4. Let y be o(-3). Suppose -4*i + y = -0*i. What is the units digit of i?
3
Let n(h) = -4*h + 73. Let z = -94 + 85. What is the units digit of n(z)?
9
Suppose 0 = -v, -v + 2*v = 2*b. Suppose -r - 2*r + 140 = -j, b = -r - 5*j + 36. What is the units digit of r?
6
Let y(h) be the third derivative of h**5/60 - h**4/6 - h**3/3 + h**2. Let v(a) = -4*a**2 - 2*a + 3. Let s be v(1). What is the tens digit of y(s)?
1
Let u = 64 - 60. Suppose 0 = -u*h + 3*s + 630, -4*h + s + 423 = -211. What is the units digit of h?
9
Suppose j + 1242 = 3*l, 5*j + 268 = -3*l + 1510. Suppose 0 = 5*u - 3*w - 305, 4*u - l = -w - 153. What is the tens digit of u?
6
What is the units digit of (-5 + 4)/(3/(-6129))?
3
Let g = 105 - 75. Let d(x) = x**3 - 4*x**2 + x + 10. Let n be d(3). Suppose 2*c = -0*c + n*m + 40, -m = 2*c - g. What is the tens digit of c?
1
Let m = 3268 + -2003. What is the hundreds digit of m?
2
Suppose -5 = w - 7. Suppose 4*v + w*k + 0*k = 230, 0 = 4*v - 5*k - 223. What is the tens digit of v?
5
Suppose 16 = -h + 5*y, -3*h + 4*y - 4 = -0*h. Suppose -20 + 0 = -h*v. What is the units digit of v?
5
Suppose 3*w = 4*w. Let z be (-5 - -2 - -4)*30. What is the units digit of z + (w + 3)/3?
1
Let c(y) = -43*y + 9. Let g be c(-8). Suppose g = 6*w - 67. What is the units digit of w?
0
Let w(g) = -2*g**2 + 12*g + 16. Let d be w(7). Suppose -d*v + p = -71, -v - 133 = -5*v - p. What is the tens digit of v?
3
Suppose -x - 4*x - o + 36 = 0, 4*x + 5*o = 12. Suppose 5*a + 2*j + 3 = 7, 4*j = x. Let z(n) = -n**3 - n**2 - n + 15. What is the units digit of z(a)?
5
What is the hundreds digit of (-16752)/(-16)*(-4)/(-6)?
6
Let y = -31 - -44. Let n = y - -5. Suppose -4*o + 166 = -n. What is the units digit of o?
6
Suppose 5*f - 8*f + 4937 = l, 0 = 2*l + f - 9879. What is the tens digit of l?
4
Let d = 65 + -36. Suppose 3*z - 7 = d. What is the tens digit of z?
1
Suppose 4*m - 5483 = -1843. What is the tens digit of m?
1
Suppose -137 = 5*g - l, -g - 4*g - 5*l - 155 = 0. Let b be ((-24)/g)/((-3)/(-21)). What is the tens digit of (47 - -4)*2/b?
1
Let j(y) = -9*y + 1. Let m(n) = n - 6. Let c be m(9). Suppose c*p + 1 = -4*q, 3*q + 4*p = -2*q - 1. What is the units digit of j(q)?
0
Suppose -108*p = -70*p - 69274. What is the thousands digit of p?
1
Suppose 0 = 2*a - 13 - 7. What is the tens digit of ((-16)/(-4))/(a/115)?
4
Let w be (-9)/(3 - (-12)/(-8)). Let i be 18/(-12) + (-39)/w. Suppose -i*n + 196 = -n. What is the units digit of n?
9
Let l = -82 - -87. Suppose -2*y - l*w = y - 596, 3*w = -4*y + 813. What is the hundreds digit of y?
2
Let w = -880 + 1032. What is the hundreds digit of w?
1
Let s(l) = l**2 + 2*l - 15. Let j be s(-5). Suppose 0 = 6*c - 11 - 19. What is the tens digit of (-10)/c - (-26 + j)?
2
Suppose -7*q + 19238 = 5322. What is the hundreds digit of q?
9
Let k be 14/4 - (-3)/(-6). Let h(c) = 4*c**3 + 13*c**2 - 3*c**k - 16 + 3*c - 3*c**3 + c**3. What is the units digit of h(13)?
3
Let q(o) = -o**2 - 9*o - 2. Let b(t) = t. Let m(z) = 4*b(z) - q(z). What is the tens digit of m(-14)?
1
Suppose k + 4*k + 3*q - 88 = 0, -2*k + 4*q + 30 = 0. What is the tens digit of k?
1
What is the thousands digit of 4652/3*(-21)/(-14)?
2
Let m be (-252)/16 - 2/8. Let l = m + 16. Suppose -i = -l*i - 33. What is the tens digit of i?
3
Suppose 0 = -0*c + 5*c - 4*n - 7, 2*n + 2 = 2*c. What is the tens digit of (-6)/3 - -7*c?
1
Let q be 6/(-12)*(211 - -1). Let z be q/(-8) + (-4)/16. Let f = z - 0. What is the units digit of f?
3
Suppose -13*t - 2*t + 3480 = 0. What is the units digit of t?
2
Suppose -4*d + 13 = 5*v, 5*d - 3*d - 5*v = -31. What is the tens digit of (-58)/d*(-12)/(-4)?
5
Suppose 37*i - 18*i = 10298. What is the units digit of i?
2
Let n be (-809)/(-2) + 1/(-2). Suppose w = -3*w + n. What is the tens digit of w?
0
Let z(w) = -2*w**3 - 8*w**2 - 12*w + 13. What is the hundreds digit of z(-5)?
1
Suppose p + 5 = -0. Let f(g) = -g**3 - 5*g**2 - 6*g + 3. What is the tens digit of f(p)?
3
Let j = 71 - 42. Let g(c) = 5*c + 2. Let o be g(-3). Let n = j + o. What is the tens digit of n?
1
Suppose -y + 99262 = -5*a + 7382, -5*y = -2*a - 36775. What is the tens digit of (16/10)/(15/(a/(-10)))?
9
Let m = -1958 - -3425. What is the thousands digit of m?
1
Suppose 2 = -0*w - w, 0 = -2*i + w + 1880. What is the tens digit of i?
3
Suppose -4*j = -2*s + 1836, 17*s - j = 18*s - 924. What is the units digit of s?
2
Suppose -972 = 19*i - 15203. What is the tens digit of i?
4
Let a(k) = k + 33. Let z be a(0). Suppose -w + 2*w = -z. Let r = -21 - w. What is the tens digit of r?
1
Suppose 0 = 3*j, -2*j - 2 = -2*z + 12. Suppose a + 7 = -o - o, 4*o = -a - 17. Suppose 4*h - 5*f = 49, 2*h = z*h + a*f - 89. What is the units digit of h?
6
Let s = 68 + -100. Let p be (s/(-20))/(4/10). Suppose -2*q = p*f - 4, -2*q = -4*f + 3*q + 18. What is the units digit of f?
2
Let d = -30 + 37. What is the tens digit of 254/d - 2/7?
3
Let b = -24 + 25. Suppose 8 = -3*c + 4*k, -c - b = k - 10. Suppose 4*d + 104 = 4*u - 0*u, c*u + d = 124. What is the tens digit of u?
3
Suppose -2*t = -4*x + 50, 0*x + x - 5*t + 10 = 0. Let v be (0/(-2))/((-1)/1). Suppose -x = -o - v*o.